{"id":5733,"date":"2018-11-26T22:42:30","date_gmt":"2018-11-26T21:42:30","guid":{"rendered":"http:\/\/www.courir-a-corps-nuds.fr\/?page_id=5733"},"modified":"2022-08-29T20:40:57","modified_gmt":"2022-08-29T19:40:57","slug":"videos-edition-2018","status":"publish","type":"page","link":"http:\/\/www.courir-a-corps-nuds.fr\/?page_id=5733","title":{"rendered":"&#8211; Vid\u00e9os \u00c9dition 2018"},"content":{"rendered":"<p>Ci dessous un retour en vid\u00e9o de l&#8217;\u00e9dition du Trail Corps Nuds By Night 2018<\/p>\n<h2>Le d\u00e9part<\/h2>\n<div id=\"fb-root\"><\/div>\n<p><script>(function(d, s, id) {  var js, fjs = d.getElementsByTagName(s)[0];  if (d.getElementById(id)) return;  js = d.createElement(s); js.id = id;  js.src = 'https:\/\/connect.facebook.net\/fr_FR\/sdk.js#xfbml=1&version=v3.2';  fjs.parentNode.insertBefore(js, fjs);}(document, 'script', 'facebook-jssdk'));<\/script><\/p>\n<div class=\"fb-video\" data-href=\"https:\/\/www.facebook.com\/TrailCAC\/videos\/194901408057373\/\" data-width=\"500\">\n<blockquote cite=\"https:\/\/www.facebook.com\/TrailCAC\/videos\/194901408057373\/\" class=\"fb-xfbml-parse-ignore\"><p><a href=\"https:\/\/www.facebook.com\/TrailCAC\/videos\/194901408057373\/\"><\/a><\/p>\n<p>D\u00e9part du trail Corps Nuds By Night 2018 #CNBN2018<\/p>\n<p>Publi\u00e9e par <a href=\"https:\/\/www.facebook.com\/TrailCAC\/\">CAC &#8211; Courir \u00e0 Corps Nuds<\/a> sur Samedi 10 novembre 2018<\/p><\/blockquote>\n<\/div>\n<h2><\/h2>\n<h2>Le passage du tunnel<\/h2>\n<p>https:\/\/www.facebook.com\/TrailCAC\/videos\/253177975330648\/<\/p>\n<h2><\/h2>\n<h2>La soir\u00e9e d&#8217;apr\u00e8s course<\/h2>\n<div id=\"fb-root\"><\/div>\n<p><script>(function(d, s, id) {  var js, fjs = d.getElementsByTagName(s)[0];  if (d.getElementById(id)) return;  js = d.createElement(s); js.id = id;  js.src = 'https:\/\/connect.facebook.net\/fr_FR\/sdk.js#xfbml=1&version=v3.2';  fjs.parentNode.insertBefore(js, fjs);}(document, 'script', 'facebook-jssdk'));<\/script><\/p>\n<div class=\"fb-video\" data-href=\"https:\/\/www.facebook.com\/TrailCAC\/videos\/342531549633594\/\" data-width=\"500\">\n<blockquote cite=\"https:\/\/www.facebook.com\/TrailCAC\/videos\/342531549633594\/\" class=\"fb-xfbml-parse-ignore\"><p><a href=\"https:\/\/www.facebook.com\/TrailCAC\/videos\/342531549633594\/\"><\/a><\/p>\n<p>R\u00e9cup d&#039;apr\u00e8s course&#8230;<\/p>\n<p>Publi\u00e9e par <a href=\"https:\/\/www.facebook.com\/TrailCAC\/\">CAC &#8211; Courir \u00e0 Corps Nuds<\/a> sur Samedi 10 novembre 2018<\/p><\/blockquote>\n<\/div>\n","protected":false},"excerpt":{"rendered":"<p>Ci dessous un retour en vid\u00e9o de l&#8217;\u00e9dition du Trail Corps Nuds By Night 2018 Le d\u00e9part D\u00e9part du trail Corps Nuds By Night 2018 #CNBN2018 Publi\u00e9e par CAC &#8211; Courir \u00e0 Corps Nuds sur Samedi 10 novembre 2018 Le passage du tunnel https:\/\/www.facebook.com\/TrailCAC\/videos\/253177975330648\/ La soir\u00e9e d&#8217;apr\u00e8s course R\u00e9cup d&#039;apr\u00e8s course&#8230; Publi\u00e9e par CAC &#8211; [&hellip;]<\/p>\n","protected":false},"author":1,"featured_media":0,"parent":6028,"menu_order":9,"comment_status":"closed","ping_status":"closed","template":"","meta":[],"_links":{"self":[{"href":"http:\/\/www.courir-a-corps-nuds.fr\/index.php?rest_route=\/wp\/v2\/pages\/5733"}],"collection":[{"href":"http:\/\/www.courir-a-corps-nuds.fr\/index.php?rest_route=\/wp\/v2\/pages"}],"about":[{"href":"http:\/\/www.courir-a-corps-nuds.fr\/index.php?rest_route=\/wp\/v2\/types\/page"}],"author":[{"embeddable":true,"href":"http:\/\/www.courir-a-corps-nuds.fr\/index.php?rest_route=\/wp\/v2\/users\/1"}],"replies":[{"embeddable":true,"href":"http:\/\/www.courir-a-corps-nuds.fr\/index.php?rest_route=%2Fwp%2Fv2%2Fcomments&post=5733"}],"version-history":[{"count":6,"href":"http:\/\/www.courir-a-corps-nuds.fr\/index.php?rest_route=\/wp\/v2\/pages\/5733\/revisions"}],"predecessor-version":[{"id":6036,"href":"http:\/\/www.courir-a-corps-nuds.fr\/index.php?rest_route=\/wp\/v2\/pages\/5733\/revisions\/6036"}],"up":[{"embeddable":true,"href":"http:\/\/www.courir-a-corps-nuds.fr\/index.php?rest_route=\/wp\/v2\/pages\/6028"}],"wp:attachment":[{"href":"http:\/\/www.courir-a-corps-nuds.fr\/index.php?rest_route=%2Fwp%2Fv2%2Fmedia&parent=5733"}],"curies":[{"name":"wp","href":"https:\/\/api.w.org\/{rel}","templated":true}]}}